{"id":934,"date":"2025-11-01T10:10:52","date_gmt":"2025-11-01T10:10:52","guid":{"rendered":"https:\/\/tresorsdanna.com\/?post_type=product&#038;p=934"},"modified":"2025-11-14T14:30:19","modified_gmt":"2025-11-14T14:30:19","slug":"pull-leger-gocco-rose-pastel-3-4-ans","status":"publish","type":"product","link":"https:\/\/tresorsdanna.com\/index.php\/produit\/pull-leger-gocco-rose-pastel-3-4-ans\/","title":{"rendered":"Pull L\u00e9ger &#8211; Gocco- Rose Pastel- 3 \/4 ans"},"content":{"rendered":"<p>Petit pull Gocco tr\u00e9s raffin\u00e9 en maille fine. Couleur rose pastel. Il pr\u00e9sente une couture blanche d\u00e9corative \u00e0 l&rsquo;encolure et le long du milieu devant. L\u00e9ger et agr\u00e9able \u00e0 porter. Parfait pour la mi-saison.<\/p>\n<p>Composition: 90% Viscose; 10% polyester<\/p>\n","protected":false},"excerpt":{"rendered":"<p>Charmant petit pull Gocco en maille fine, couleur rose pastel- 3 \/ 4ans<\/p>\n","protected":false},"featured_media":935,"comment_status":"open","ping_status":"closed","template":"","meta":[],"product_brand":[],"product_cat":[38],"product_tag":[],"class_list":{"0":"post-934","1":"product","2":"type-product","3":"status-publish","4":"has-post-thumbnail","6":"product_cat-haut-filles","8":"first","9":"instock","10":"shipping-taxable","11":"purchasable","12":"product-type-simple"},"jetpack_sharing_enabled":true,"_links":{"self":[{"href":"https:\/\/tresorsdanna.com\/index.php\/wp-json\/wp\/v2\/product\/934","targetHints":{"allow":["GET"]}}],"collection":[{"href":"https:\/\/tresorsdanna.com\/index.php\/wp-json\/wp\/v2\/product"}],"about":[{"href":"https:\/\/tresorsdanna.com\/index.php\/wp-json\/wp\/v2\/types\/product"}],"replies":[{"embeddable":true,"href":"https:\/\/tresorsdanna.com\/index.php\/wp-json\/wp\/v2\/comments?post=934"}],"wp:featuredmedia":[{"embeddable":true,"href":"https:\/\/tresorsdanna.com\/index.php\/wp-json\/wp\/v2\/media\/935"}],"wp:attachment":[{"href":"https:\/\/tresorsdanna.com\/index.php\/wp-json\/wp\/v2\/media?parent=934"}],"wp:term":[{"taxonomy":"product_brand","embeddable":true,"href":"https:\/\/tresorsdanna.com\/index.php\/wp-json\/wp\/v2\/product_brand?post=934"},{"taxonomy":"product_cat","embeddable":true,"href":"https:\/\/tresorsdanna.com\/index.php\/wp-json\/wp\/v2\/product_cat?post=934"},{"taxonomy":"product_tag","embeddable":true,"href":"https:\/\/tresorsdanna.com\/index.php\/wp-json\/wp\/v2\/product_tag?post=934"}],"curies":[{"name":"wp","href":"https:\/\/api.w.org\/{rel}","templated":true}]}}