{"id":845,"date":"2025-10-29T17:26:45","date_gmt":"2025-10-29T17:26:45","guid":{"rendered":"https:\/\/tresorsdanna.com\/?post_type=product&#038;p=845"},"modified":"2025-11-14T14:43:21","modified_gmt":"2025-11-14T14:43:21","slug":"blouson-miniman-orange-chine-8-ans","status":"publish","type":"product","link":"https:\/\/tresorsdanna.com\/index.php\/produit\/blouson-miniman-orange-chine-8-ans\/","title":{"rendered":"Blouson-Miniman- Orange Chin\u00e9- 8 ans"},"content":{"rendered":"<p>Blouson Miniman filles; couleur orange chin\u00e9, avec dessins sur le devant. Fermeture zipp\u00e9e. L\u00e9ger et agr\u00e9able \u00e0 porter. Facile \u00e0 assortir avec jupes, jean ou pantalon.<\/p>\n<p>Composition: 100% polyester<\/p>\n<p>Taille: 8 ans<\/p>\n","protected":false},"excerpt":{"rendered":"<p>Beau blouson sign\u00e9 Miniman orange chin\u00e9 pour un look chic et moderne- Fermeture zipp\u00e9e- 8 ans<\/p>\n","protected":false},"featured_media":846,"comment_status":"open","ping_status":"closed","template":"","meta":[],"product_brand":[],"product_cat":[36],"product_tag":[],"class_list":{"0":"post-845","1":"product","2":"type-product","3":"status-publish","4":"has-post-thumbnail","6":"product_cat-doudounes-vestes-gilets","8":"first","9":"instock","10":"shipping-taxable","11":"purchasable","12":"product-type-simple"},"jetpack_sharing_enabled":true,"_links":{"self":[{"href":"https:\/\/tresorsdanna.com\/index.php\/wp-json\/wp\/v2\/product\/845","targetHints":{"allow":["GET"]}}],"collection":[{"href":"https:\/\/tresorsdanna.com\/index.php\/wp-json\/wp\/v2\/product"}],"about":[{"href":"https:\/\/tresorsdanna.com\/index.php\/wp-json\/wp\/v2\/types\/product"}],"replies":[{"embeddable":true,"href":"https:\/\/tresorsdanna.com\/index.php\/wp-json\/wp\/v2\/comments?post=845"}],"wp:featuredmedia":[{"embeddable":true,"href":"https:\/\/tresorsdanna.com\/index.php\/wp-json\/wp\/v2\/media\/846"}],"wp:attachment":[{"href":"https:\/\/tresorsdanna.com\/index.php\/wp-json\/wp\/v2\/media?parent=845"}],"wp:term":[{"taxonomy":"product_brand","embeddable":true,"href":"https:\/\/tresorsdanna.com\/index.php\/wp-json\/wp\/v2\/product_brand?post=845"},{"taxonomy":"product_cat","embeddable":true,"href":"https:\/\/tresorsdanna.com\/index.php\/wp-json\/wp\/v2\/product_cat?post=845"},{"taxonomy":"product_tag","embeddable":true,"href":"https:\/\/tresorsdanna.com\/index.php\/wp-json\/wp\/v2\/product_tag?post=845"}],"curies":[{"name":"wp","href":"https:\/\/api.w.org\/{rel}","templated":true}]}}