{"id":769,"date":"2025-10-28T08:43:08","date_gmt":"2025-10-28T08:43:08","guid":{"rendered":"https:\/\/tresorsdanna.com\/?post_type=product&#038;p=769"},"modified":"2025-10-28T09:09:39","modified_gmt":"2025-10-28T09:09:39","slug":"jea-neck-neck-bleu-clair-6-7-ans","status":"publish","type":"product","link":"https:\/\/tresorsdanna.com\/index.php\/produit\/jea-neck-neck-bleu-clair-6-7-ans\/","title":{"rendered":"Jea- Neck &#038; Neck bleu clair-6 \/ 7 ans"},"content":{"rendered":"<p>Jean Neck&amp; Neck bleu clair, dot\u00e9 d&rsquo;un petit pan \u00e0 nouer \u00e0 la ceinture. Jolie tomb\u00e9e et coupe droite, offrant un look soign\u00e9 et d\u00e9contract\u00e9. Tissu doux, l\u00e9g\u00e8rement extensible pour un grand confort.<\/p>\n<p>Composition: 98% coton; 2% \u00e9lasthanne<\/p>\n","protected":false},"excerpt":{"rendered":"<p>Jean Neck &amp; Neck bleu clair \u00e9l\u00e9gant et confortable avec petit n\u0153ud \u00e0 la taille pour une touche raffin\u00e9e. 6\/7ans<\/p>\n","protected":false},"featured_media":770,"comment_status":"open","ping_status":"closed","template":"","meta":[],"product_brand":[],"product_cat":[29],"product_tag":[],"class_list":{"0":"post-769","1":"product","2":"type-product","3":"status-publish","4":"has-post-thumbnail","6":"product_cat-pantalons-filles","8":"first","9":"instock","10":"shipping-taxable","11":"purchasable","12":"product-type-simple"},"jetpack_sharing_enabled":true,"_links":{"self":[{"href":"https:\/\/tresorsdanna.com\/index.php\/wp-json\/wp\/v2\/product\/769","targetHints":{"allow":["GET"]}}],"collection":[{"href":"https:\/\/tresorsdanna.com\/index.php\/wp-json\/wp\/v2\/product"}],"about":[{"href":"https:\/\/tresorsdanna.com\/index.php\/wp-json\/wp\/v2\/types\/product"}],"replies":[{"embeddable":true,"href":"https:\/\/tresorsdanna.com\/index.php\/wp-json\/wp\/v2\/comments?post=769"}],"wp:featuredmedia":[{"embeddable":true,"href":"https:\/\/tresorsdanna.com\/index.php\/wp-json\/wp\/v2\/media\/770"}],"wp:attachment":[{"href":"https:\/\/tresorsdanna.com\/index.php\/wp-json\/wp\/v2\/media?parent=769"}],"wp:term":[{"taxonomy":"product_brand","embeddable":true,"href":"https:\/\/tresorsdanna.com\/index.php\/wp-json\/wp\/v2\/product_brand?post=769"},{"taxonomy":"product_cat","embeddable":true,"href":"https:\/\/tresorsdanna.com\/index.php\/wp-json\/wp\/v2\/product_cat?post=769"},{"taxonomy":"product_tag","embeddable":true,"href":"https:\/\/tresorsdanna.com\/index.php\/wp-json\/wp\/v2\/product_tag?post=769"}],"curies":[{"name":"wp","href":"https:\/\/api.w.org\/{rel}","templated":true}]}}