{"id":755,"date":"2025-10-27T21:48:22","date_gmt":"2025-10-27T21:48:22","guid":{"rendered":"https:\/\/tresorsdanna.com\/?post_type=product&#038;p=755"},"modified":"2025-10-27T22:07:54","modified_gmt":"2025-10-27T22:07:54","slug":"jean-guess-tencyl-thermocontrol-7-ans","status":"publish","type":"product","link":"https:\/\/tresorsdanna.com\/index.php\/produit\/jean-guess-tencyl-thermocontrol-7-ans\/","title":{"rendered":"Jean- Guess-Tencyl Thermocontrol -7 ans"},"content":{"rendered":"<p>Jean Guess en tissu Tencel, respirant et agr\u00e9able \u00e0 porter. Technologie Thermocontrol pour r\u00e9guler la temp\u00e9rature et offrir une sensation de fra\u00eecheur ou de chaleur selon la saison. Coupe moderne et confortable. Taille: 7ans<\/p>\n","protected":false},"excerpt":{"rendered":"<p>Jean Guess,\u00a0 l\u00e9ger et doux con\u00e7u pour un confort optimal grace \u00e0 la technologie Thermocontrol. 7 ans<\/p>\n","protected":false},"featured_media":756,"comment_status":"open","ping_status":"closed","template":"","meta":[],"product_brand":[],"product_cat":[29],"product_tag":[],"class_list":{"0":"post-755","1":"product","2":"type-product","3":"status-publish","4":"has-post-thumbnail","6":"product_cat-pantalons-filles","8":"first","9":"instock","10":"shipping-taxable","11":"purchasable","12":"product-type-simple"},"jetpack_sharing_enabled":true,"_links":{"self":[{"href":"https:\/\/tresorsdanna.com\/index.php\/wp-json\/wp\/v2\/product\/755","targetHints":{"allow":["GET"]}}],"collection":[{"href":"https:\/\/tresorsdanna.com\/index.php\/wp-json\/wp\/v2\/product"}],"about":[{"href":"https:\/\/tresorsdanna.com\/index.php\/wp-json\/wp\/v2\/types\/product"}],"replies":[{"embeddable":true,"href":"https:\/\/tresorsdanna.com\/index.php\/wp-json\/wp\/v2\/comments?post=755"}],"wp:featuredmedia":[{"embeddable":true,"href":"https:\/\/tresorsdanna.com\/index.php\/wp-json\/wp\/v2\/media\/756"}],"wp:attachment":[{"href":"https:\/\/tresorsdanna.com\/index.php\/wp-json\/wp\/v2\/media?parent=755"}],"wp:term":[{"taxonomy":"product_brand","embeddable":true,"href":"https:\/\/tresorsdanna.com\/index.php\/wp-json\/wp\/v2\/product_brand?post=755"},{"taxonomy":"product_cat","embeddable":true,"href":"https:\/\/tresorsdanna.com\/index.php\/wp-json\/wp\/v2\/product_cat?post=755"},{"taxonomy":"product_tag","embeddable":true,"href":"https:\/\/tresorsdanna.com\/index.php\/wp-json\/wp\/v2\/product_tag?post=755"}],"curies":[{"name":"wp","href":"https:\/\/api.w.org\/{rel}","templated":true}]}}