{"id":730,"date":"2025-10-27T15:13:19","date_gmt":"2025-10-27T15:13:19","guid":{"rendered":"https:\/\/tresorsdanna.com\/?post_type=product&#038;p=730"},"modified":"2025-11-14T14:47:25","modified_gmt":"2025-11-14T14:47:25","slug":"doudoune-3-pommes-reversible-3-6-mois","status":"publish","type":"product","link":"https:\/\/tresorsdanna.com\/index.php\/produit\/doudoune-3-pommes-reversible-3-6-mois\/","title":{"rendered":"Doudoune- 3  Pommes- R\u00e9versible- 3\/6  Mois"},"content":{"rendered":"<p>Pratique, l\u00e9g\u00e8re et pleine de charme cette doudoune r\u00e9versible 3 Pommes offre 2 styles en un; un c\u00f4t\u00e9 marine \u00e0 petits motifs discrets et un c\u00f4t\u00e9 jaune lumineux. Douce et l\u00e9g\u00e8re, elle accompagnera b\u00e9b\u00e9 tout l&rsquo;hiver. Poches lat\u00e9rales pratiques. 100% Polyester. 12 mois<\/p>\n","protected":false},"excerpt":{"rendered":"<p>Une doudoune l\u00e9g\u00e8re et confortable de la marque 3 Pommes alliant confort et style depuis toujours- 6 \/ 9 mois<\/p>\n","protected":false},"featured_media":731,"comment_status":"open","ping_status":"closed","template":"","meta":[],"product_brand":[],"product_cat":[36],"product_tag":[],"class_list":{"0":"post-730","1":"product","2":"type-product","3":"status-publish","4":"has-post-thumbnail","6":"product_cat-doudounes-vestes-gilets","8":"first","9":"instock","10":"shipping-taxable","11":"purchasable","12":"product-type-simple"},"jetpack_sharing_enabled":true,"_links":{"self":[{"href":"https:\/\/tresorsdanna.com\/index.php\/wp-json\/wp\/v2\/product\/730","targetHints":{"allow":["GET"]}}],"collection":[{"href":"https:\/\/tresorsdanna.com\/index.php\/wp-json\/wp\/v2\/product"}],"about":[{"href":"https:\/\/tresorsdanna.com\/index.php\/wp-json\/wp\/v2\/types\/product"}],"replies":[{"embeddable":true,"href":"https:\/\/tresorsdanna.com\/index.php\/wp-json\/wp\/v2\/comments?post=730"}],"wp:featuredmedia":[{"embeddable":true,"href":"https:\/\/tresorsdanna.com\/index.php\/wp-json\/wp\/v2\/media\/731"}],"wp:attachment":[{"href":"https:\/\/tresorsdanna.com\/index.php\/wp-json\/wp\/v2\/media?parent=730"}],"wp:term":[{"taxonomy":"product_brand","embeddable":true,"href":"https:\/\/tresorsdanna.com\/index.php\/wp-json\/wp\/v2\/product_brand?post=730"},{"taxonomy":"product_cat","embeddable":true,"href":"https:\/\/tresorsdanna.com\/index.php\/wp-json\/wp\/v2\/product_cat?post=730"},{"taxonomy":"product_tag","embeddable":true,"href":"https:\/\/tresorsdanna.com\/index.php\/wp-json\/wp\/v2\/product_tag?post=730"}],"curies":[{"name":"wp","href":"https:\/\/api.w.org\/{rel}","templated":true}]}}