{"id":687,"date":"2025-10-26T14:17:27","date_gmt":"2025-10-26T14:17:27","guid":{"rendered":"https:\/\/tresorsdanna.com\/?post_type=product&#038;p=687"},"modified":"2025-11-14T14:52:11","modified_gmt":"2025-11-14T14:52:11","slug":"chemise-absorba-1an-coton-a-carreaux","status":"publish","type":"product","link":"https:\/\/tresorsdanna.com\/index.php\/produit\/chemise-absorba-1an-coton-a-carreaux\/","title":{"rendered":"Chemise Absorba- 1an- Coton \u00e0 Carreaux"},"content":{"rendered":"<p>Chemise \u00e0 petits carreaux noirs et blancs de la\u00a0 marque Absorba, marque de qualit\u00e9 connue pour le confort et la qualit\u00e9 de ses v\u00eatements b\u00e9b\u00e9s. Dos uni noir en coton 100%. Agr\u00e9able \u00e0 porter pour un petit look chic et d\u00e9contract\u00e9<\/p>\n","protected":false},"excerpt":{"rendered":"<p>Douce, chaude et raffin\u00e9 la chemise classique pour b\u00e9b\u00e9 sign\u00e9 Absorba- 1 an<\/p>\n","protected":false},"featured_media":688,"comment_status":"open","ping_status":"closed","template":"","meta":[],"product_brand":[],"product_cat":[27,39],"product_tag":[],"class_list":{"0":"post-687","1":"product","2":"type-product","3":"status-publish","4":"has-post-thumbnail","6":"product_cat-chemise-garcons","7":"product_cat-hauts-garcons","9":"first","10":"instock","11":"shipping-taxable","12":"purchasable","13":"product-type-simple"},"jetpack_sharing_enabled":true,"_links":{"self":[{"href":"https:\/\/tresorsdanna.com\/index.php\/wp-json\/wp\/v2\/product\/687","targetHints":{"allow":["GET"]}}],"collection":[{"href":"https:\/\/tresorsdanna.com\/index.php\/wp-json\/wp\/v2\/product"}],"about":[{"href":"https:\/\/tresorsdanna.com\/index.php\/wp-json\/wp\/v2\/types\/product"}],"replies":[{"embeddable":true,"href":"https:\/\/tresorsdanna.com\/index.php\/wp-json\/wp\/v2\/comments?post=687"}],"wp:featuredmedia":[{"embeddable":true,"href":"https:\/\/tresorsdanna.com\/index.php\/wp-json\/wp\/v2\/media\/688"}],"wp:attachment":[{"href":"https:\/\/tresorsdanna.com\/index.php\/wp-json\/wp\/v2\/media?parent=687"}],"wp:term":[{"taxonomy":"product_brand","embeddable":true,"href":"https:\/\/tresorsdanna.com\/index.php\/wp-json\/wp\/v2\/product_brand?post=687"},{"taxonomy":"product_cat","embeddable":true,"href":"https:\/\/tresorsdanna.com\/index.php\/wp-json\/wp\/v2\/product_cat?post=687"},{"taxonomy":"product_tag","embeddable":true,"href":"https:\/\/tresorsdanna.com\/index.php\/wp-json\/wp\/v2\/product_tag?post=687"}],"curies":[{"name":"wp","href":"https:\/\/api.w.org\/{rel}","templated":true}]}}