{"id":679,"date":"2025-10-26T12:06:13","date_gmt":"2025-10-26T12:06:13","guid":{"rendered":"https:\/\/tresorsdanna.com\/?post_type=product&#038;p=679"},"modified":"2025-11-27T06:50:32","modified_gmt":"2025-11-27T06:50:32","slug":"robe-absorba-3mois-coton-pied-de-poule","status":"publish","type":"product","link":"https:\/\/tresorsdanna.com\/index.php\/produit\/robe-absorba-3mois-coton-pied-de-poule\/","title":{"rendered":"Robe Absorba- 3mois- Coton-Pied-de-poule"},"content":{"rendered":"<p>Petite robe Absorba- marque de qualit\u00e9- motif\u00a0 pied- de-poule avec de jolis smocks dor\u00e9 sur l&#8217;empi\u00e8cement. Doubl\u00e9e de coton pour une meilleure tenue. Un joli mod\u00e8le pour les tout premiers mois.<\/p>\n","protected":false},"excerpt":{"rendered":"<p>Un classique chic et ind\u00e9modable pour cette premi\u00e8re robe sign\u00e9e Absorba- 3mois<\/p>\n","protected":false},"featured_media":1490,"comment_status":"open","ping_status":"closed","template":"","meta":[],"product_brand":[],"product_cat":[31],"product_tag":[],"class_list":{"0":"post-679","1":"product","2":"type-product","3":"status-publish","4":"has-post-thumbnail","6":"product_cat-robes-filles","8":"first","9":"instock","10":"shipping-taxable","11":"purchasable","12":"product-type-simple"},"jetpack_sharing_enabled":true,"_links":{"self":[{"href":"https:\/\/tresorsdanna.com\/index.php\/wp-json\/wp\/v2\/product\/679","targetHints":{"allow":["GET"]}}],"collection":[{"href":"https:\/\/tresorsdanna.com\/index.php\/wp-json\/wp\/v2\/product"}],"about":[{"href":"https:\/\/tresorsdanna.com\/index.php\/wp-json\/wp\/v2\/types\/product"}],"replies":[{"embeddable":true,"href":"https:\/\/tresorsdanna.com\/index.php\/wp-json\/wp\/v2\/comments?post=679"}],"wp:featuredmedia":[{"embeddable":true,"href":"https:\/\/tresorsdanna.com\/index.php\/wp-json\/wp\/v2\/media\/1490"}],"wp:attachment":[{"href":"https:\/\/tresorsdanna.com\/index.php\/wp-json\/wp\/v2\/media?parent=679"}],"wp:term":[{"taxonomy":"product_brand","embeddable":true,"href":"https:\/\/tresorsdanna.com\/index.php\/wp-json\/wp\/v2\/product_brand?post=679"},{"taxonomy":"product_cat","embeddable":true,"href":"https:\/\/tresorsdanna.com\/index.php\/wp-json\/wp\/v2\/product_cat?post=679"},{"taxonomy":"product_tag","embeddable":true,"href":"https:\/\/tresorsdanna.com\/index.php\/wp-json\/wp\/v2\/product_tag?post=679"}],"curies":[{"name":"wp","href":"https:\/\/api.w.org\/{rel}","templated":true}]}}