{"id":652,"date":"2025-10-25T07:32:08","date_gmt":"2025-10-25T07:32:08","guid":{"rendered":"https:\/\/tresorsdanna.com\/?post_type=product&#038;p=652"},"modified":"2025-11-14T14:57:50","modified_gmt":"2025-11-14T14:57:50","slug":"combinaison-jacadi-blanche-sans-manches-6-mois-imprime-motifs-gris","status":"publish","type":"product","link":"https:\/\/tresorsdanna.com\/index.php\/produit\/combinaison-jacadi-blanche-sans-manches-6-mois-imprime-motifs-gris\/","title":{"rendered":"Combinaison Jacadi Blanche-sans Manches-6 Mois-Imprim\u00e9 motifs Gris"},"content":{"rendered":"<p>Petite combinaison Jacadi sans manches, fond blanc d\u00e9cor\u00e9 de petites t\u00eates de chiens gris. Bouton en nacre aux \u00e9paules pour une touche raffin\u00e9e et une ouverture facile. Chaude et confortable de par le garnissage 100% polyester int\u00e9rieur. Ext\u00e9rieur et doublure coton 100%. Fermeture entrejambes \u00e0 pressions<\/p>\n","protected":false},"excerpt":{"rendered":"<p>Douceur, qualit\u00e9 et \u00e9l\u00e9gance des tout petits pour cette petite combinaison sans manches sign\u00e9e Jacadi<\/p>\n","protected":false},"featured_media":653,"comment_status":"open","ping_status":"closed","template":"","meta":[],"product_brand":[],"product_cat":[29],"product_tag":[],"class_list":{"0":"post-652","1":"product","2":"type-product","3":"status-publish","4":"has-post-thumbnail","6":"product_cat-pantalons-filles","8":"first","9":"instock","10":"shipping-taxable","11":"purchasable","12":"product-type-simple"},"jetpack_sharing_enabled":true,"_links":{"self":[{"href":"https:\/\/tresorsdanna.com\/index.php\/wp-json\/wp\/v2\/product\/652","targetHints":{"allow":["GET"]}}],"collection":[{"href":"https:\/\/tresorsdanna.com\/index.php\/wp-json\/wp\/v2\/product"}],"about":[{"href":"https:\/\/tresorsdanna.com\/index.php\/wp-json\/wp\/v2\/types\/product"}],"replies":[{"embeddable":true,"href":"https:\/\/tresorsdanna.com\/index.php\/wp-json\/wp\/v2\/comments?post=652"}],"wp:featuredmedia":[{"embeddable":true,"href":"https:\/\/tresorsdanna.com\/index.php\/wp-json\/wp\/v2\/media\/653"}],"wp:attachment":[{"href":"https:\/\/tresorsdanna.com\/index.php\/wp-json\/wp\/v2\/media?parent=652"}],"wp:term":[{"taxonomy":"product_brand","embeddable":true,"href":"https:\/\/tresorsdanna.com\/index.php\/wp-json\/wp\/v2\/product_brand?post=652"},{"taxonomy":"product_cat","embeddable":true,"href":"https:\/\/tresorsdanna.com\/index.php\/wp-json\/wp\/v2\/product_cat?post=652"},{"taxonomy":"product_tag","embeddable":true,"href":"https:\/\/tresorsdanna.com\/index.php\/wp-json\/wp\/v2\/product_tag?post=652"}],"curies":[{"name":"wp","href":"https:\/\/api.w.org\/{rel}","templated":true}]}}