{"id":628,"date":"2025-10-24T15:48:26","date_gmt":"2025-10-24T15:48:26","guid":{"rendered":"https:\/\/tresorsdanna.com\/?post_type=product&#038;p=628"},"modified":"2025-11-14T15:00:29","modified_gmt":"2025-11-14T15:00:29","slug":"cardigan-catimini-6mois-blanc-a-encolure-rayee-rouge-et-argent","status":"publish","type":"product","link":"https:\/\/tresorsdanna.com\/index.php\/produit\/cardigan-catimini-6mois-blanc-a-encolure-rayee-rouge-et-argent\/","title":{"rendered":"Cardigan Catimini- 3mois- Gris \u00e0 Manches bicolore."},"content":{"rendered":"<p>Petit cardigan Catimini plein de couleurs et de fantaisie. Boutonn\u00e9e sur le devant. Mati\u00e8re douce et souple ( 41% coton, 39% viscose et 20% Polyamide ). Un gilet original et confortable.<\/p>\n","protected":false},"excerpt":{"rendered":"<p>Doux, chaud et raffin\u00e9 son premier cardigan color\u00e9 sign\u00e9 Catimini- 3mois<\/p>\n","protected":false},"featured_media":632,"comment_status":"open","ping_status":"closed","template":"","meta":[],"product_brand":[],"product_cat":[36],"product_tag":[],"class_list":{"0":"post-628","1":"product","2":"type-product","3":"status-publish","4":"has-post-thumbnail","6":"product_cat-doudounes-vestes-gilets","8":"first","9":"instock","10":"shipping-taxable","11":"purchasable","12":"product-type-simple"},"jetpack_sharing_enabled":true,"_links":{"self":[{"href":"https:\/\/tresorsdanna.com\/index.php\/wp-json\/wp\/v2\/product\/628","targetHints":{"allow":["GET"]}}],"collection":[{"href":"https:\/\/tresorsdanna.com\/index.php\/wp-json\/wp\/v2\/product"}],"about":[{"href":"https:\/\/tresorsdanna.com\/index.php\/wp-json\/wp\/v2\/types\/product"}],"replies":[{"embeddable":true,"href":"https:\/\/tresorsdanna.com\/index.php\/wp-json\/wp\/v2\/comments?post=628"}],"wp:featuredmedia":[{"embeddable":true,"href":"https:\/\/tresorsdanna.com\/index.php\/wp-json\/wp\/v2\/media\/632"}],"wp:attachment":[{"href":"https:\/\/tresorsdanna.com\/index.php\/wp-json\/wp\/v2\/media?parent=628"}],"wp:term":[{"taxonomy":"product_brand","embeddable":true,"href":"https:\/\/tresorsdanna.com\/index.php\/wp-json\/wp\/v2\/product_brand?post=628"},{"taxonomy":"product_cat","embeddable":true,"href":"https:\/\/tresorsdanna.com\/index.php\/wp-json\/wp\/v2\/product_cat?post=628"},{"taxonomy":"product_tag","embeddable":true,"href":"https:\/\/tresorsdanna.com\/index.php\/wp-json\/wp\/v2\/product_tag?post=628"}],"curies":[{"name":"wp","href":"https:\/\/api.w.org\/{rel}","templated":true}]}}