{"id":604,"date":"2025-10-24T10:11:09","date_gmt":"2025-10-24T10:11:09","guid":{"rendered":"https:\/\/tresorsdanna.com\/?post_type=product&#038;p=604"},"modified":"2025-11-14T15:03:33","modified_gmt":"2025-11-14T15:03:33","slug":"sweat-shirt-bellybutton-68cm-coton-bio","status":"publish","type":"product","link":"https:\/\/tresorsdanna.com\/index.php\/produit\/sweat-shirt-bellybutton-68cm-coton-bio\/","title":{"rendered":"Sweat-shirt Bellybutton- 68cm- Coton bio"},"content":{"rendered":"<p>Sweat-shirt Bellybutton en coton biologique, doux et respirant. Coloris blanc \u00e0 fines rayures grises aux poign\u00e9es et encolure. Un basique confortable et \u00e9l\u00e9gant pour b\u00e9b\u00e9<\/p>\n","protected":false},"excerpt":{"rendered":"<p>Douceur et qualit\u00e9- Le confort du coton Bio sign\u00e9 Bellybutton . 68 cm<\/p>\n","protected":false},"featured_media":607,"comment_status":"open","ping_status":"closed","template":"","meta":[],"product_brand":[],"product_cat":[39],"product_tag":[],"class_list":{"0":"post-604","1":"product","2":"type-product","3":"status-publish","4":"has-post-thumbnail","6":"product_cat-hauts-garcons","8":"first","9":"instock","10":"shipping-taxable","11":"purchasable","12":"product-type-simple"},"jetpack_sharing_enabled":true,"_links":{"self":[{"href":"https:\/\/tresorsdanna.com\/index.php\/wp-json\/wp\/v2\/product\/604","targetHints":{"allow":["GET"]}}],"collection":[{"href":"https:\/\/tresorsdanna.com\/index.php\/wp-json\/wp\/v2\/product"}],"about":[{"href":"https:\/\/tresorsdanna.com\/index.php\/wp-json\/wp\/v2\/types\/product"}],"replies":[{"embeddable":true,"href":"https:\/\/tresorsdanna.com\/index.php\/wp-json\/wp\/v2\/comments?post=604"}],"wp:featuredmedia":[{"embeddable":true,"href":"https:\/\/tresorsdanna.com\/index.php\/wp-json\/wp\/v2\/media\/607"}],"wp:attachment":[{"href":"https:\/\/tresorsdanna.com\/index.php\/wp-json\/wp\/v2\/media?parent=604"}],"wp:term":[{"taxonomy":"product_brand","embeddable":true,"href":"https:\/\/tresorsdanna.com\/index.php\/wp-json\/wp\/v2\/product_brand?post=604"},{"taxonomy":"product_cat","embeddable":true,"href":"https:\/\/tresorsdanna.com\/index.php\/wp-json\/wp\/v2\/product_cat?post=604"},{"taxonomy":"product_tag","embeddable":true,"href":"https:\/\/tresorsdanna.com\/index.php\/wp-json\/wp\/v2\/product_tag?post=604"}],"curies":[{"name":"wp","href":"https:\/\/api.w.org\/{rel}","templated":true}]}}