{"id":591,"date":"2025-10-23T14:55:36","date_gmt":"2025-10-23T14:55:36","guid":{"rendered":"https:\/\/tresorsdanna.com\/?post_type=product&#038;p=591"},"modified":"2025-11-14T15:04:16","modified_gmt":"2025-11-14T15:04:16","slug":"ensemble-bebe-obaibi-haut-blanc-gris-et-rose-bas-gris-0-mois","status":"publish","type":"product","link":"https:\/\/tresorsdanna.com\/index.php\/produit\/ensemble-bebe-obaibi-haut-blanc-gris-et-rose-bas-gris-0-mois\/","title":{"rendered":"Ensemble B\u00e9b\u00e9-Obaibi-Haut Blanc Gris et Rose- Bas Gris- 0 mois"},"content":{"rendered":"<p>Ensemble b\u00e9b\u00e9s Obaibi 0 mois compos\u00e9 d&rsquo;un haut blanc, rose et gris; doux et chaud en m\u00e9lange\u00a0 coton ( 80% ) et polyester ( 20%) assorti d&rsquo;un bas gris. Fermeture boutons dans le dos pour un habillage facile.<\/p>\n","protected":false},"excerpt":{"rendered":"<p>Son premier petit ensemble\u00a0 &#8211; un joli duo sign\u00e9\u00a0 Obaibi<\/p>\n","protected":false},"featured_media":592,"comment_status":"open","ping_status":"closed","template":"","meta":[],"product_brand":[],"product_cat":[31],"product_tag":[],"class_list":{"0":"post-591","1":"product","2":"type-product","3":"status-publish","4":"has-post-thumbnail","6":"product_cat-robes-filles","8":"first","9":"instock","10":"shipping-taxable","11":"purchasable","12":"product-type-simple"},"jetpack_sharing_enabled":true,"_links":{"self":[{"href":"https:\/\/tresorsdanna.com\/index.php\/wp-json\/wp\/v2\/product\/591","targetHints":{"allow":["GET"]}}],"collection":[{"href":"https:\/\/tresorsdanna.com\/index.php\/wp-json\/wp\/v2\/product"}],"about":[{"href":"https:\/\/tresorsdanna.com\/index.php\/wp-json\/wp\/v2\/types\/product"}],"replies":[{"embeddable":true,"href":"https:\/\/tresorsdanna.com\/index.php\/wp-json\/wp\/v2\/comments?post=591"}],"wp:featuredmedia":[{"embeddable":true,"href":"https:\/\/tresorsdanna.com\/index.php\/wp-json\/wp\/v2\/media\/592"}],"wp:attachment":[{"href":"https:\/\/tresorsdanna.com\/index.php\/wp-json\/wp\/v2\/media?parent=591"}],"wp:term":[{"taxonomy":"product_brand","embeddable":true,"href":"https:\/\/tresorsdanna.com\/index.php\/wp-json\/wp\/v2\/product_brand?post=591"},{"taxonomy":"product_cat","embeddable":true,"href":"https:\/\/tresorsdanna.com\/index.php\/wp-json\/wp\/v2\/product_cat?post=591"},{"taxonomy":"product_tag","embeddable":true,"href":"https:\/\/tresorsdanna.com\/index.php\/wp-json\/wp\/v2\/product_tag?post=591"}],"curies":[{"name":"wp","href":"https:\/\/api.w.org\/{rel}","templated":true}]}}