{"id":582,"date":"2025-10-23T10:25:59","date_gmt":"2025-10-23T10:25:59","guid":{"rendered":"https:\/\/tresorsdanna.com\/?post_type=product&#038;p=582"},"modified":"2025-11-14T15:05:09","modified_gmt":"2025-11-14T15:05:09","slug":"ensemble-bebe-absorba-6mois-haut-rouge-et-bas-motifs-multicolores","status":"publish","type":"product","link":"https:\/\/tresorsdanna.com\/index.php\/produit\/ensemble-bebe-absorba-6mois-haut-rouge-et-bas-motifs-multicolores\/","title":{"rendered":"Ensemble B\u00e9b\u00e9-Absorba-6Mois-Haut Rouge et Bas Motifs Multicolores"},"content":{"rendered":"<p>Ensemble b\u00e9b\u00e9s Absorba\u00a0 6 mois compos\u00e9 d&rsquo;un haut rouge, doux et chaud en m\u00e9lange acrylique et coton, assorti d&rsquo;un bas avec des motifs multicolores. Fermeture boutons dans le dos pour un habillage facile.<\/p>\n","protected":false},"excerpt":{"rendered":"<p>Confortable, chaud et color\u00e9- un joli duo sign\u00e9\u00a0 Absorba<\/p>\n","protected":false},"featured_media":583,"comment_status":"open","ping_status":"closed","template":"","meta":[],"product_brand":[],"product_cat":[29],"product_tag":[],"class_list":{"0":"post-582","1":"product","2":"type-product","3":"status-publish","4":"has-post-thumbnail","6":"product_cat-pantalons-filles","8":"first","9":"instock","10":"shipping-taxable","11":"purchasable","12":"product-type-simple"},"jetpack_sharing_enabled":true,"_links":{"self":[{"href":"https:\/\/tresorsdanna.com\/index.php\/wp-json\/wp\/v2\/product\/582","targetHints":{"allow":["GET"]}}],"collection":[{"href":"https:\/\/tresorsdanna.com\/index.php\/wp-json\/wp\/v2\/product"}],"about":[{"href":"https:\/\/tresorsdanna.com\/index.php\/wp-json\/wp\/v2\/types\/product"}],"replies":[{"embeddable":true,"href":"https:\/\/tresorsdanna.com\/index.php\/wp-json\/wp\/v2\/comments?post=582"}],"wp:featuredmedia":[{"embeddable":true,"href":"https:\/\/tresorsdanna.com\/index.php\/wp-json\/wp\/v2\/media\/583"}],"wp:attachment":[{"href":"https:\/\/tresorsdanna.com\/index.php\/wp-json\/wp\/v2\/media?parent=582"}],"wp:term":[{"taxonomy":"product_brand","embeddable":true,"href":"https:\/\/tresorsdanna.com\/index.php\/wp-json\/wp\/v2\/product_brand?post=582"},{"taxonomy":"product_cat","embeddable":true,"href":"https:\/\/tresorsdanna.com\/index.php\/wp-json\/wp\/v2\/product_cat?post=582"},{"taxonomy":"product_tag","embeddable":true,"href":"https:\/\/tresorsdanna.com\/index.php\/wp-json\/wp\/v2\/product_tag?post=582"}],"curies":[{"name":"wp","href":"https:\/\/api.w.org\/{rel}","templated":true}]}}