{"id":434,"date":"2025-10-17T17:05:26","date_gmt":"2025-10-17T17:05:26","guid":{"rendered":"https:\/\/tresorsdanna.com\/?post_type=product&#038;p=434"},"modified":"2025-10-17T17:15:32","modified_gmt":"2025-10-17T17:15:32","slug":"boots-cuir-nice-bay-noir-26","status":"publish","type":"product","link":"https:\/\/tresorsdanna.com\/index.php\/produit\/boots-cuir-nice-bay-noir-26\/","title":{"rendered":"Boots Cuir Nice Bay Noir 26"},"content":{"rendered":"<p>Boots Nice Bay cuir noir- pointure 26. Dessus et semelles int\u00e9rieures\u00a0 cuir , fourr\u00e9es pour un maintien des pieds bien au chaud et un confort optimal. Semelles ext\u00e9rieures souples antid\u00e9rapantes. Facile \u00e0 enfiler.<\/p>\n","protected":false},"excerpt":{"rendered":"<p>Boots Nice Bay fourr\u00e9es en cuir marron. Facile \u00e0 enfiler. Semelles antid\u00e9rapantes<\/p>\n","protected":false},"featured_media":436,"comment_status":"open","ping_status":"closed","template":"","meta":[],"product_brand":[],"product_cat":[17],"product_tag":[],"class_list":{"0":"post-434","1":"product","2":"type-product","3":"status-publish","4":"has-post-thumbnail","6":"product_cat-chaussures-enfants","8":"first","9":"instock","10":"shipping-taxable","11":"purchasable","12":"product-type-simple"},"jetpack_sharing_enabled":true,"_links":{"self":[{"href":"https:\/\/tresorsdanna.com\/index.php\/wp-json\/wp\/v2\/product\/434","targetHints":{"allow":["GET"]}}],"collection":[{"href":"https:\/\/tresorsdanna.com\/index.php\/wp-json\/wp\/v2\/product"}],"about":[{"href":"https:\/\/tresorsdanna.com\/index.php\/wp-json\/wp\/v2\/types\/product"}],"replies":[{"embeddable":true,"href":"https:\/\/tresorsdanna.com\/index.php\/wp-json\/wp\/v2\/comments?post=434"}],"wp:featuredmedia":[{"embeddable":true,"href":"https:\/\/tresorsdanna.com\/index.php\/wp-json\/wp\/v2\/media\/436"}],"wp:attachment":[{"href":"https:\/\/tresorsdanna.com\/index.php\/wp-json\/wp\/v2\/media?parent=434"}],"wp:term":[{"taxonomy":"product_brand","embeddable":true,"href":"https:\/\/tresorsdanna.com\/index.php\/wp-json\/wp\/v2\/product_brand?post=434"},{"taxonomy":"product_cat","embeddable":true,"href":"https:\/\/tresorsdanna.com\/index.php\/wp-json\/wp\/v2\/product_cat?post=434"},{"taxonomy":"product_tag","embeddable":true,"href":"https:\/\/tresorsdanna.com\/index.php\/wp-json\/wp\/v2\/product_tag?post=434"}],"curies":[{"name":"wp","href":"https:\/\/api.w.org\/{rel}","templated":true}]}}