{"id":409,"date":"2025-10-15T20:48:03","date_gmt":"2025-10-15T20:48:03","guid":{"rendered":"https:\/\/tresorsdanna.com\/?post_type=product&#038;p=409"},"modified":"2025-11-21T15:40:04","modified_gmt":"2025-11-21T15:40:04","slug":"sandales-pablosky-marine-et-argent-strass-26","status":"publish","type":"product","link":"https:\/\/tresorsdanna.com\/index.php\/produit\/sandales-pablosky-marine-et-argent-strass-26\/","title":{"rendered":"Sandales Pablosky Marine et argent, strass ( 26)"},"content":{"rendered":"<p>Belle paire de sandales Pablosky en cuir. Coloris marine et argent, orn\u00e9e d&rsquo;une rang\u00e9e de strass. L\u00e9g\u00e8res et confortables. Fermeture scratch\u00e9e pour un enfilage facile. Fabrication Espagnole.<\/p>\n","protected":false},"excerpt":{"rendered":"<p>Sandales cuir Pablosky. Coloris marine et argent, orn\u00e9es de strass.\u00a0 Semelles gomme antid\u00e9rapantes. Fabrication Espagnole. Pointure 26<\/p>\n","protected":false},"featured_media":410,"comment_status":"closed","ping_status":"closed","template":"","meta":[],"product_brand":[],"product_cat":[17],"product_tag":[],"class_list":{"0":"post-409","1":"product","2":"type-product","3":"status-publish","4":"has-post-thumbnail","6":"product_cat-chaussures-enfants","8":"first","9":"instock","10":"shipping-taxable","11":"purchasable","12":"product-type-simple"},"jetpack_sharing_enabled":true,"_links":{"self":[{"href":"https:\/\/tresorsdanna.com\/index.php\/wp-json\/wp\/v2\/product\/409","targetHints":{"allow":["GET"]}}],"collection":[{"href":"https:\/\/tresorsdanna.com\/index.php\/wp-json\/wp\/v2\/product"}],"about":[{"href":"https:\/\/tresorsdanna.com\/index.php\/wp-json\/wp\/v2\/types\/product"}],"replies":[{"embeddable":true,"href":"https:\/\/tresorsdanna.com\/index.php\/wp-json\/wp\/v2\/comments?post=409"}],"wp:featuredmedia":[{"embeddable":true,"href":"https:\/\/tresorsdanna.com\/index.php\/wp-json\/wp\/v2\/media\/410"}],"wp:attachment":[{"href":"https:\/\/tresorsdanna.com\/index.php\/wp-json\/wp\/v2\/media?parent=409"}],"wp:term":[{"taxonomy":"product_brand","embeddable":true,"href":"https:\/\/tresorsdanna.com\/index.php\/wp-json\/wp\/v2\/product_brand?post=409"},{"taxonomy":"product_cat","embeddable":true,"href":"https:\/\/tresorsdanna.com\/index.php\/wp-json\/wp\/v2\/product_cat?post=409"},{"taxonomy":"product_tag","embeddable":true,"href":"https:\/\/tresorsdanna.com\/index.php\/wp-json\/wp\/v2\/product_tag?post=409"}],"curies":[{"name":"wp","href":"https:\/\/api.w.org\/{rel}","templated":true}]}}