{"id":388,"date":"2025-10-15T11:43:44","date_gmt":"2025-10-15T11:43:44","guid":{"rendered":"https:\/\/tresorsdanna.com\/?post_type=product&#038;p=388"},"modified":"2025-10-15T12:19:07","modified_gmt":"2025-10-15T12:19:07","slug":"baskets-okaidi-dorees-32","status":"publish","type":"product","link":"https:\/\/tresorsdanna.com\/index.php\/produit\/baskets-okaidi-dorees-32\/","title":{"rendered":"Baskets Okaidi, dor\u00e9es ( 32)"},"content":{"rendered":"<p>Sneakers\u00a0 dor\u00e9es, Okaidi 32. Style sportif et raffin\u00e9e pour un look sportif et \u00e9l\u00e9gant<\/p>\n","protected":false},"excerpt":{"rendered":"<p>Baskets\u00a0 OKaidi\u00a0 dor\u00e9es, dot\u00e9es de\u00a0 Lacets \u00e9lastique pour faciliter l&rsquo;enfilage. Semelle sanitaire Actifresh pour plus d\u2019hygi\u00e8ne et de confort<\/p>\n","protected":false},"featured_media":389,"comment_status":"open","ping_status":"closed","template":"","meta":[],"product_brand":[],"product_cat":[17],"product_tag":[],"class_list":{"0":"post-388","1":"product","2":"type-product","3":"status-publish","4":"has-post-thumbnail","6":"product_cat-chaussures-enfants","8":"first","9":"instock","10":"shipping-taxable","11":"purchasable","12":"product-type-simple"},"jetpack_sharing_enabled":true,"_links":{"self":[{"href":"https:\/\/tresorsdanna.com\/index.php\/wp-json\/wp\/v2\/product\/388","targetHints":{"allow":["GET"]}}],"collection":[{"href":"https:\/\/tresorsdanna.com\/index.php\/wp-json\/wp\/v2\/product"}],"about":[{"href":"https:\/\/tresorsdanna.com\/index.php\/wp-json\/wp\/v2\/types\/product"}],"replies":[{"embeddable":true,"href":"https:\/\/tresorsdanna.com\/index.php\/wp-json\/wp\/v2\/comments?post=388"}],"wp:featuredmedia":[{"embeddable":true,"href":"https:\/\/tresorsdanna.com\/index.php\/wp-json\/wp\/v2\/media\/389"}],"wp:attachment":[{"href":"https:\/\/tresorsdanna.com\/index.php\/wp-json\/wp\/v2\/media?parent=388"}],"wp:term":[{"taxonomy":"product_brand","embeddable":true,"href":"https:\/\/tresorsdanna.com\/index.php\/wp-json\/wp\/v2\/product_brand?post=388"},{"taxonomy":"product_cat","embeddable":true,"href":"https:\/\/tresorsdanna.com\/index.php\/wp-json\/wp\/v2\/product_cat?post=388"},{"taxonomy":"product_tag","embeddable":true,"href":"https:\/\/tresorsdanna.com\/index.php\/wp-json\/wp\/v2\/product_tag?post=388"}],"curies":[{"name":"wp","href":"https:\/\/api.w.org\/{rel}","templated":true}]}}