{"id":363,"date":"2025-10-14T20:44:46","date_gmt":"2025-10-14T20:44:46","guid":{"rendered":"https:\/\/tresorsdanna.com\/?post_type=product&#038;p=363"},"modified":"2025-11-14T15:13:53","modified_gmt":"2025-11-14T15:13:53","slug":"baskets-obaibi-actifresh-jaune-21","status":"publish","type":"product","link":"https:\/\/tresorsdanna.com\/index.php\/produit\/baskets-obaibi-actifresh-jaune-21\/","title":{"rendered":"Baskets Obaibi Actifresh jaune 21"},"content":{"rendered":"<p>Baskets jaunes avec lacets blancs. Scratch et zip lat\u00e9rales pour un enfilage facile. Semelles antid\u00e9rapantes. Actifresh pour un confort et une hygi\u00e8ne maximum<\/p>\n","protected":false},"excerpt":{"rendered":"<p>Baskets b\u00e9b\u00e9 jaunes. Zip plus Scratch sur le cot\u00e9 . Semelle Actifresh Obaibi.<\/p>\n","protected":false},"featured_media":364,"comment_status":"open","ping_status":"closed","template":"","meta":[],"product_brand":[],"product_cat":[17],"product_tag":[],"class_list":{"0":"post-363","1":"product","2":"type-product","3":"status-publish","4":"has-post-thumbnail","6":"product_cat-chaussures-enfants","8":"first","9":"instock","10":"shipping-taxable","11":"purchasable","12":"product-type-simple"},"jetpack_sharing_enabled":true,"_links":{"self":[{"href":"https:\/\/tresorsdanna.com\/index.php\/wp-json\/wp\/v2\/product\/363","targetHints":{"allow":["GET"]}}],"collection":[{"href":"https:\/\/tresorsdanna.com\/index.php\/wp-json\/wp\/v2\/product"}],"about":[{"href":"https:\/\/tresorsdanna.com\/index.php\/wp-json\/wp\/v2\/types\/product"}],"replies":[{"embeddable":true,"href":"https:\/\/tresorsdanna.com\/index.php\/wp-json\/wp\/v2\/comments?post=363"}],"wp:featuredmedia":[{"embeddable":true,"href":"https:\/\/tresorsdanna.com\/index.php\/wp-json\/wp\/v2\/media\/364"}],"wp:attachment":[{"href":"https:\/\/tresorsdanna.com\/index.php\/wp-json\/wp\/v2\/media?parent=363"}],"wp:term":[{"taxonomy":"product_brand","embeddable":true,"href":"https:\/\/tresorsdanna.com\/index.php\/wp-json\/wp\/v2\/product_brand?post=363"},{"taxonomy":"product_cat","embeddable":true,"href":"https:\/\/tresorsdanna.com\/index.php\/wp-json\/wp\/v2\/product_cat?post=363"},{"taxonomy":"product_tag","embeddable":true,"href":"https:\/\/tresorsdanna.com\/index.php\/wp-json\/wp\/v2\/product_tag?post=363"}],"curies":[{"name":"wp","href":"https:\/\/api.w.org\/{rel}","templated":true}]}}