{"id":1373,"date":"2025-11-22T20:41:38","date_gmt":"2025-11-22T20:41:38","guid":{"rendered":"https:\/\/tresorsdanna.com\/?post_type=product&#038;p=1373"},"modified":"2025-11-30T14:33:22","modified_gmt":"2025-11-30T14:33:22","slug":"bonnet-pull-bear-kaki-taille-m-4-6-ans","status":"publish","type":"product","link":"https:\/\/tresorsdanna.com\/index.php\/produit\/bonnet-pull-bear-kaki-taille-m-4-6-ans\/","title":{"rendered":"Bonnet- Pull &#038; Bear- Kaki- Taille M ( 4 \/ 6 Ans )"},"content":{"rendered":"<p>Bonnet- Pull &amp; Bear\u00a0 KAki, en maille 100% acrylique. Mod\u00e8le doux, l\u00e9ger et chaud. Id\u00e9al pour l\u2019automne et l&rsquo;hiver.<\/p>\n<p>Taille M ( 4 \/ 6 ans )<\/p>\n","protected":false},"excerpt":{"rendered":"<p>Bonnet- Pull &amp; Bear- Kaki- en tricot-doux, confortable, l\u00e9ger et chaud &#8211; 100% Acrylique- Taille M (4 \/ 6 ans)<\/p>\n","protected":false},"featured_media":1374,"comment_status":"open","ping_status":"closed","template":"","meta":[],"product_brand":[],"product_cat":[33],"product_tag":[],"class_list":{"0":"post-1373","1":"product","2":"type-product","3":"status-publish","4":"has-post-thumbnail","6":"product_cat-accessoires-hiver","8":"first","9":"instock","10":"shipping-taxable","11":"purchasable","12":"product-type-simple"},"jetpack_sharing_enabled":true,"_links":{"self":[{"href":"https:\/\/tresorsdanna.com\/index.php\/wp-json\/wp\/v2\/product\/1373","targetHints":{"allow":["GET"]}}],"collection":[{"href":"https:\/\/tresorsdanna.com\/index.php\/wp-json\/wp\/v2\/product"}],"about":[{"href":"https:\/\/tresorsdanna.com\/index.php\/wp-json\/wp\/v2\/types\/product"}],"replies":[{"embeddable":true,"href":"https:\/\/tresorsdanna.com\/index.php\/wp-json\/wp\/v2\/comments?post=1373"}],"wp:featuredmedia":[{"embeddable":true,"href":"https:\/\/tresorsdanna.com\/index.php\/wp-json\/wp\/v2\/media\/1374"}],"wp:attachment":[{"href":"https:\/\/tresorsdanna.com\/index.php\/wp-json\/wp\/v2\/media?parent=1373"}],"wp:term":[{"taxonomy":"product_brand","embeddable":true,"href":"https:\/\/tresorsdanna.com\/index.php\/wp-json\/wp\/v2\/product_brand?post=1373"},{"taxonomy":"product_cat","embeddable":true,"href":"https:\/\/tresorsdanna.com\/index.php\/wp-json\/wp\/v2\/product_cat?post=1373"},{"taxonomy":"product_tag","embeddable":true,"href":"https:\/\/tresorsdanna.com\/index.php\/wp-json\/wp\/v2\/product_tag?post=1373"}],"curies":[{"name":"wp","href":"https:\/\/api.w.org\/{rel}","templated":true}]}}