{"id":1370,"date":"2025-11-22T20:03:59","date_gmt":"2025-11-22T20:03:59","guid":{"rendered":"https:\/\/tresorsdanna.com\/?post_type=product&#038;p=1370"},"modified":"2025-11-30T14:33:42","modified_gmt":"2025-11-30T14:33:42","slug":"petit-bonnet-gris-catimini-44-cm-9-12mois","status":"publish","type":"product","link":"https:\/\/tresorsdanna.com\/index.php\/produit\/petit-bonnet-gris-catimini-44-cm-9-12mois\/","title":{"rendered":"Petit Bonnet- Gris- Catimini- 44 cm ( 9 \/ 12mois)"},"content":{"rendered":"<p>Bonnet Catimini gris d\u00e9cor\u00e9 de petits dessins . Bord ray\u00e9 noir, rouge, bleu, jaune. Mod\u00e8le doux et extensible, adapt\u00e9 pur un tour de t\u00eate de 44 cm. Parfait pour des journ\u00e9es fra\u00eeches.<\/p>\n<p>Composition:\u00a0 39% Viscose, 31% polyamide, 30% Coton.<\/p>\n<p>Taille:\u00a0 9 \/ 12 Mois<\/p>\n","protected":false},"excerpt":{"rendered":"<p>Petit bonnet- Catimini- gris avec motifs discrets-\u00a0 bord \u00e0 rayures- l\u00e9ger et chaud\u00a0 &#8211; Taille\u00a0 9\/ 12\u00a0 Mois<\/p>\n","protected":false},"featured_media":1372,"comment_status":"open","ping_status":"closed","template":"","meta":[],"product_brand":[],"product_cat":[33],"product_tag":[],"class_list":{"0":"post-1370","1":"product","2":"type-product","3":"status-publish","4":"has-post-thumbnail","6":"product_cat-accessoires-hiver","8":"first","9":"instock","10":"shipping-taxable","11":"purchasable","12":"product-type-simple"},"jetpack_sharing_enabled":true,"_links":{"self":[{"href":"https:\/\/tresorsdanna.com\/index.php\/wp-json\/wp\/v2\/product\/1370","targetHints":{"allow":["GET"]}}],"collection":[{"href":"https:\/\/tresorsdanna.com\/index.php\/wp-json\/wp\/v2\/product"}],"about":[{"href":"https:\/\/tresorsdanna.com\/index.php\/wp-json\/wp\/v2\/types\/product"}],"replies":[{"embeddable":true,"href":"https:\/\/tresorsdanna.com\/index.php\/wp-json\/wp\/v2\/comments?post=1370"}],"wp:featuredmedia":[{"embeddable":true,"href":"https:\/\/tresorsdanna.com\/index.php\/wp-json\/wp\/v2\/media\/1372"}],"wp:attachment":[{"href":"https:\/\/tresorsdanna.com\/index.php\/wp-json\/wp\/v2\/media?parent=1370"}],"wp:term":[{"taxonomy":"product_brand","embeddable":true,"href":"https:\/\/tresorsdanna.com\/index.php\/wp-json\/wp\/v2\/product_brand?post=1370"},{"taxonomy":"product_cat","embeddable":true,"href":"https:\/\/tresorsdanna.com\/index.php\/wp-json\/wp\/v2\/product_cat?post=1370"},{"taxonomy":"product_tag","embeddable":true,"href":"https:\/\/tresorsdanna.com\/index.php\/wp-json\/wp\/v2\/product_tag?post=1370"}],"curies":[{"name":"wp","href":"https:\/\/api.w.org\/{rel}","templated":true}]}}