{"id":1360,"date":"2025-11-22T15:55:14","date_gmt":"2025-11-22T15:55:14","guid":{"rendered":"https:\/\/tresorsdanna.com\/?post_type=product&#038;p=1360"},"modified":"2025-11-30T14:37:19","modified_gmt":"2025-11-30T14:37:19","slug":"ensemble-bonnet-gants-du-pareil-au-meme-3-5-ans","status":"publish","type":"product","link":"https:\/\/tresorsdanna.com\/index.php\/produit\/ensemble-bonnet-gants-du-pareil-au-meme-3-5-ans\/","title":{"rendered":"Ensemble Bonnet-Gants- Du Pareil Au M\u00eame- 3\/ 5 ans"},"content":{"rendered":"<p>Ensemble chaud et confortable compos\u00e9 d&rsquo;un bonnet doubl\u00e9 polyester doux et chaud avec pompon beige et de gants assortis. Bord ray\u00e9\u00a0 avec fils m\u00e9tallis\u00e9 pour une touche brillante et originale . Id\u00e9al pour garder la t\u00eate et les mains au chaud en hiver<\/p>\n<p>Composition: 55% acrylique,18% polyester, 17% polyamide-8% fibre m\u00e9tallis\u00e9, 2% \u00e9lasthanne. Doublure 100% polyester doux<\/p>\n<p>Taille: 3 \/5 ans<\/p>\n","protected":false},"excerpt":{"rendered":"<p>Ensemble bonnet et gants DPAM- doublure polyester- doux et chaud -Pompon jaune &#8211; 3 \/5 Ans<\/p>\n","protected":false},"featured_media":1361,"comment_status":"open","ping_status":"closed","template":"","meta":[],"product_brand":[],"product_cat":[33],"product_tag":[],"class_list":{"0":"post-1360","1":"product","2":"type-product","3":"status-publish","4":"has-post-thumbnail","6":"product_cat-accessoires-hiver","8":"first","9":"instock","10":"shipping-taxable","11":"purchasable","12":"product-type-simple"},"jetpack_sharing_enabled":true,"_links":{"self":[{"href":"https:\/\/tresorsdanna.com\/index.php\/wp-json\/wp\/v2\/product\/1360","targetHints":{"allow":["GET"]}}],"collection":[{"href":"https:\/\/tresorsdanna.com\/index.php\/wp-json\/wp\/v2\/product"}],"about":[{"href":"https:\/\/tresorsdanna.com\/index.php\/wp-json\/wp\/v2\/types\/product"}],"replies":[{"embeddable":true,"href":"https:\/\/tresorsdanna.com\/index.php\/wp-json\/wp\/v2\/comments?post=1360"}],"wp:featuredmedia":[{"embeddable":true,"href":"https:\/\/tresorsdanna.com\/index.php\/wp-json\/wp\/v2\/media\/1361"}],"wp:attachment":[{"href":"https:\/\/tresorsdanna.com\/index.php\/wp-json\/wp\/v2\/media?parent=1360"}],"wp:term":[{"taxonomy":"product_brand","embeddable":true,"href":"https:\/\/tresorsdanna.com\/index.php\/wp-json\/wp\/v2\/product_brand?post=1360"},{"taxonomy":"product_cat","embeddable":true,"href":"https:\/\/tresorsdanna.com\/index.php\/wp-json\/wp\/v2\/product_cat?post=1360"},{"taxonomy":"product_tag","embeddable":true,"href":"https:\/\/tresorsdanna.com\/index.php\/wp-json\/wp\/v2\/product_tag?post=1360"}],"curies":[{"name":"wp","href":"https:\/\/api.w.org\/{rel}","templated":true}]}}