{"id":1087,"date":"2025-11-06T20:44:42","date_gmt":"2025-11-06T20:44:42","guid":{"rendered":"https:\/\/tresorsdanna.com\/?post_type=product&#038;p=1087"},"modified":"2025-11-14T12:29:49","modified_gmt":"2025-11-14T12:29:49","slug":"pyjamas-claesens-haut-gris-bas-imprime-camouflage-8ans","status":"publish","type":"product","link":"https:\/\/tresorsdanna.com\/index.php\/produit\/pyjamas-claesens-haut-gris-bas-imprime-camouflage-8ans\/","title":{"rendered":"Pyjamas-Claesen&rsquo;s-Haut Gris- Bas Imprim\u00e9 Camouflage- 8ans"},"content":{"rendered":"<p>Pyjama Claesen&rsquo;s\u00a0 doux et extensible. Haut gris avec petite poche imprim\u00e9 camouflage, assorti\u00a0 \u00e0 un bas camouflage. Confectionn\u00e9 dans un m\u00e9lange de 95% coton et de 5% Lycra pour une bonne tenue. Un ensemble doux, moderne, confortable et original. Parfait pour la d\u00e9tente ou pour la nuit.<\/p>\n","protected":false},"excerpt":{"rendered":"<p>Pyjama\u00a0 en coton -lycra- haut gris- bas imprim\u00e9 camouflage &#8211; sign\u00e9 Claesen&rsquo;s- tr\u00e8s belle qualit\u00e9- Finitions soign\u00e9es- 8 ans<\/p>\n","protected":false},"featured_media":1090,"comment_status":"open","ping_status":"closed","template":"","meta":[],"product_brand":[],"product_cat":[34],"product_tag":[],"class_list":{"0":"post-1087","1":"product","2":"type-product","3":"status-publish","4":"has-post-thumbnail","6":"product_cat-pyjamas","8":"first","9":"instock","10":"shipping-taxable","11":"purchasable","12":"product-type-simple"},"jetpack_sharing_enabled":true,"_links":{"self":[{"href":"https:\/\/tresorsdanna.com\/index.php\/wp-json\/wp\/v2\/product\/1087","targetHints":{"allow":["GET"]}}],"collection":[{"href":"https:\/\/tresorsdanna.com\/index.php\/wp-json\/wp\/v2\/product"}],"about":[{"href":"https:\/\/tresorsdanna.com\/index.php\/wp-json\/wp\/v2\/types\/product"}],"replies":[{"embeddable":true,"href":"https:\/\/tresorsdanna.com\/index.php\/wp-json\/wp\/v2\/comments?post=1087"}],"wp:featuredmedia":[{"embeddable":true,"href":"https:\/\/tresorsdanna.com\/index.php\/wp-json\/wp\/v2\/media\/1090"}],"wp:attachment":[{"href":"https:\/\/tresorsdanna.com\/index.php\/wp-json\/wp\/v2\/media?parent=1087"}],"wp:term":[{"taxonomy":"product_brand","embeddable":true,"href":"https:\/\/tresorsdanna.com\/index.php\/wp-json\/wp\/v2\/product_brand?post=1087"},{"taxonomy":"product_cat","embeddable":true,"href":"https:\/\/tresorsdanna.com\/index.php\/wp-json\/wp\/v2\/product_cat?post=1087"},{"taxonomy":"product_tag","embeddable":true,"href":"https:\/\/tresorsdanna.com\/index.php\/wp-json\/wp\/v2\/product_tag?post=1087"}],"curies":[{"name":"wp","href":"https:\/\/api.w.org\/{rel}","templated":true}]}}